{"id":515,"date":"2023-07-03T23:04:24","date_gmt":"2023-07-03T23:04:24","guid":{"rendered":"https:\/\/lavalleyasociados.com\/?page_id=515"},"modified":"2023-07-10T23:36:50","modified_gmt":"2023-07-10T23:36:50","slug":"blog-top","status":"publish","type":"page","link":"https:\/\/lavalleyasociados.com\/eng\/blog-top\/","title":{"rendered":"Blog Top"},"content":{"rendered":"<div class=\"wpb-content-wrapper\"><section data-vc-full-width=\"true\" data-vc-full-width-init=\"false\" class=\"vc_section vc_custom_1688425749729\"><div class=\"vc_row wpb_row vc_row-fluid\"><div class=\"wpb_column vc_column_container vc_col-sm-12\"><div class=\"vc_column-inner\"><div class=\"wpb_wrapper\"><div class=\"vc_empty_space\"   style=\"height: 30px\"><span class=\"vc_empty_space_inner\"><\/span><\/div><\/div><\/div><\/div><\/div><div class=\"vc_row wpb_row vc_row-fluid vc_column-gap-30 vc_row-o-content-middle vc_row-flex\"><div class=\"wpb_animate_when_almost_visible wpb_fadeInLeft fadeInLeft wpb_column vc_column_container vc_col-sm-6\"><div class=\"vc_column-inner\"><div class=\"wpb_wrapper\"><h1 style=\"text-align: left\" class=\"vc_custom_heading\" >News<\/h1><p style=\"text-align: left\" class=\"vc_custom_heading\" >Stay up to date with the latest legal news, regulatory changes and legal trends that may affect your interests. Our team of expert lawyers analyzes and comments on the most relevant issues, providing practical advice and legal guidance.<\/p><div class=\"vc_empty_space\"   style=\"height: 30px\"><span class=\"vc_empty_space_inner\"><\/span><\/div><\/div><\/div><\/div><div class=\"wpb_column vc_column_container vc_col-sm-1 vc_hidden-xs\"><div class=\"vc_column-inner\"><div class=\"wpb_wrapper\"><\/div><\/div><\/div><div class=\"wpb_animate_when_almost_visible wpb_fadeInRight fadeInRight wpb_column vc_column_container vc_col-sm-5\"><div class=\"vc_column-inner\"><div class=\"wpb_wrapper\">\n\t<div  class=\"wpb_single_image wpb_content_element vc_align_center   deco-circles\">\n\t\t\n\t\t<figure class=\"wpb_wrapper vc_figure\">\n\t\t\t<div class=\"vc_single_image-wrapper vc_box_rounded  vc_box_border_grey\"><img loading=\"lazy\" decoding=\"async\" width=\"800\" height=\"800\" src=\"https:\/\/lavalleyasociados.com\/wp-content\/uploads\/2023\/07\/blog.jpg\" class=\"vc_single_image-img attachment-full\" alt=\"\" title=\"blog\" srcset=\"https:\/\/lavalleyasociados.com\/wp-content\/uploads\/2023\/07\/blog.jpg 800w, https:\/\/lavalleyasociados.com\/wp-content\/uploads\/2023\/07\/blog-300x300.jpg 300w, https:\/\/lavalleyasociados.com\/wp-content\/uploads\/2023\/07\/blog-150x150.jpg 150w, https:\/\/lavalleyasociados.com\/wp-content\/uploads\/2023\/07\/blog-768x768.jpg 768w, https:\/\/lavalleyasociados.com\/wp-content\/uploads\/2023\/07\/blog-12x12.jpg 12w, https:\/\/lavalleyasociados.com\/wp-content\/uploads\/2023\/07\/blog-24x24.jpg 24w, https:\/\/lavalleyasociados.com\/wp-content\/uploads\/2023\/07\/blog-36x36.jpg 36w, https:\/\/lavalleyasociados.com\/wp-content\/uploads\/2023\/07\/blog-48x48.jpg 48w\" sizes=\"(max-width: 800px) 100vw, 800px\" \/><\/div>\n\t\t<\/figure>\n\t<\/div>\n<div class=\"vc_empty_space\"   style=\"height: 30px\"><span class=\"vc_empty_space_inner\"><\/span><\/div><\/div><\/div><\/div><\/div><div class=\"vc_row wpb_row vc_row-fluid\"><div class=\"wpb_column vc_column_container vc_col-sm-12\"><div class=\"vc_column-inner\"><div class=\"wpb_wrapper\"><div class=\"vc_empty_space\"   style=\"height: 30px\"><span class=\"vc_empty_space_inner\"><\/span><\/div><\/div><\/div><\/div><\/div><\/section><div class=\"vc_row-full-width vc_clearfix\"><\/div><div class=\"vc_row wpb_row vc_row-fluid clipped-row vc_row-o-content-bottom vc_row-flex\"><div class=\"corner bottomleft wpb_animate_when_almost_visible wpb_fadeInUp fadeInUp wpb_column vc_column_container vc_col-sm-6\"><div class=\"vc_column-inner\"><div class=\"wpb_wrapper\">\n\t<div  class=\"wpb_single_image wpb_content_element vc_align_center\">\n\t\t\n\t\t<figure class=\"wpb_wrapper vc_figure\">\n\t\t\t<div class=\"vc_single_image-wrapper   vc_box_border_grey\"><img loading=\"lazy\" decoding=\"async\" width=\"1066\" height=\"937\" src=\"https:\/\/lavalleyasociados.com\/wp-content\/uploads\/2023\/07\/cta-mujer-1.png\" class=\"vc_single_image-img attachment-full\" alt=\"\" title=\"cta-mujer-1\" srcset=\"https:\/\/lavalleyasociados.com\/wp-content\/uploads\/2023\/07\/cta-mujer-1.png 1066w, https:\/\/lavalleyasociados.com\/wp-content\/uploads\/2023\/07\/cta-mujer-1-300x264.png 300w, https:\/\/lavalleyasociados.com\/wp-content\/uploads\/2023\/07\/cta-mujer-1-1024x900.png 1024w, https:\/\/lavalleyasociados.com\/wp-content\/uploads\/2023\/07\/cta-mujer-1-768x675.png 768w, https:\/\/lavalleyasociados.com\/wp-content\/uploads\/2023\/07\/cta-mujer-1-14x12.png 14w, https:\/\/lavalleyasociados.com\/wp-content\/uploads\/2023\/07\/cta-mujer-1-24x21.png 24w, https:\/\/lavalleyasociados.com\/wp-content\/uploads\/2023\/07\/cta-mujer-1-36x32.png 36w, https:\/\/lavalleyasociados.com\/wp-content\/uploads\/2023\/07\/cta-mujer-1-48x42.png 48w\" sizes=\"(max-width: 1066px) 100vw, 1066px\" \/><\/div>\n\t\t<\/figure>\n\t<\/div>\n<\/div><\/div><\/div><div class=\"wpb_animate_when_almost_visible wpb_fadeInRight fadeInRight wpb_column vc_column_container vc_col-sm-6\"><div class=\"vc_column-inner\"><div class=\"wpb_wrapper\"><div class=\"vc_empty_space\"   style=\"height: 45px\"><span class=\"vc_empty_space_inner\"><\/span><\/div><div class=\"ult-content-box-container\" >\t\t<div class=\"ult-content-box\" style=\"box-shadow: px px px px none;padding-right:20px;padding-left:20px;-webkit-transition: all 700ms ease;-moz-transition: all 700ms ease;-ms-transition: all 700ms ease;-o-transition: all 700ms ease;transition: all 700ms ease;\"  data-hover_box_shadow=\"none\"    ><h2 style=\"text-align: left\" class=\"vc_custom_heading\" >Explore informative articles on contracts, intellectual property, litigation, employment law and much more. <\/h2>\t\t<\/div><\/div><div class=\"vc_empty_space\"   style=\"height: 45px\"><span class=\"vc_empty_space_inner\"><\/span><\/div><\/div><\/div><\/div><\/div><!-- Row Backgrounds --><div class=\"upb_bg_img\" data-ultimate-bg=\"url(https:\/\/lavalleyasociados.com\/wp-content\/uploads\/2023\/06\/bg-cta-1.png)\" data-image-id=\"id^247|url^https:\/\/lavalleyasociados.com\/wp-content\/uploads\/2023\/06\/bg-cta-1.png|caption^null|alt^null|title^bg-cta|description^null\" data-ultimate-bg-style=\"vcpb-default\" data-bg-img-repeat=\"repeat\" data-bg-img-size=\"cover\" data-bg-img-position=\"\" data-parallx_sense=\"30\" data-bg-override=\"ex-full\" data-bg_img_attach=\"scroll\" data-upb-overlay-color=\"\" data-upb-bg-animation=\"\" data-fadeout=\"\" data-bg-animation=\"left-animation\" data-bg-animation-type=\"h\" data-animation-repeat=\"repeat\" data-fadeout-percentage=\"30\" data-parallax-content=\"\" data-parallax-content-sense=\"30\" data-row-effect-mobile-disable=\"true\" data-img-parallax-mobile-disable=\"true\" data-rtl=\"false\"  data-custom-vc-row=\"\"  data-vc=\"7.3\"  data-is_old_vc=\"\"  data-theme-support=\"\"   data-overlay=\"false\" data-overlay-color=\"\" data-overlay-pattern=\"\" data-overlay-pattern-opacity=\"\" data-overlay-pattern-size=\"\"    ><\/div>\n<\/div>","protected":false},"excerpt":{"rendered":"NoticiasMantente al d\u00eda con las \u00faltimas noticias legales, cambios en las regulaciones y tendencias jur\u00eddicas que pueden afectar tus intereses. Nuestro equipo de abogados expertos analiza y comenta los temas m\u00e1s relevantes, brindando consejos pr\u00e1cticos y orientaci\u00f3n legal. Explora art\u00edculos informativos sobre contratos, propiedad intelectual, litigios, derecho laboral y mucho m\u00e1s.","protected":false},"author":1,"featured_media":0,"parent":0,"menu_order":0,"comment_status":"closed","ping_status":"closed","template":"","meta":{"om_disable_all_campaigns":false,"_monsterinsights_skip_tracking":false,"_monsterinsights_sitenote_active":false,"_monsterinsights_sitenote_note":"","_monsterinsights_sitenote_category":0,"_uf_show_specific_survey":0,"_uf_disable_surveys":false,"footnotes":"","_joinchat":[]},"aioseo_notices":[],"_links":{"self":[{"href":"https:\/\/lavalleyasociados.com\/eng\/wp-json\/wp\/v2\/pages\/515"}],"collection":[{"href":"https:\/\/lavalleyasociados.com\/eng\/wp-json\/wp\/v2\/pages"}],"about":[{"href":"https:\/\/lavalleyasociados.com\/eng\/wp-json\/wp\/v2\/types\/page"}],"author":[{"embeddable":true,"href":"https:\/\/lavalleyasociados.com\/eng\/wp-json\/wp\/v2\/users\/1"}],"replies":[{"embeddable":true,"href":"https:\/\/lavalleyasociados.com\/eng\/wp-json\/wp\/v2\/comments?post=515"}],"version-history":[{"count":0,"href":"https:\/\/lavalleyasociados.com\/eng\/wp-json\/wp\/v2\/pages\/515\/revisions"}],"wp:attachment":[{"href":"https:\/\/lavalleyasociados.com\/eng\/wp-json\/wp\/v2\/media?parent=515"}],"curies":[{"name":"wp","href":"https:\/\/api.w.org\/{rel}","templated":true}]}}