{"id":24,"date":"2023-06-20T18:57:38","date_gmt":"2023-06-20T18:57:38","guid":{"rendered":"https:\/\/lavalleyasociados.com\/?page_id=24"},"modified":"2025-07-21T23:49:38","modified_gmt":"2025-07-21T23:49:38","slug":"servicios","status":"publish","type":"page","link":"https:\/\/lavalleyasociados.com\/eng\/servicios\/","title":{"rendered":"Services"},"content":{"rendered":"<div class=\"wpb-content-wrapper\"><section data-vc-full-width=\"true\" data-vc-full-width-init=\"false\" class=\"vc_section vc_custom_1687476030726 vc_section-has-fill\"><div class=\"vc_row wpb_row vc_row-fluid\"><div class=\"wpb_column vc_column_container vc_col-sm-12\"><div class=\"vc_column-inner\"><div class=\"wpb_wrapper\"><div class=\"vc_empty_space\"   style=\"height: 30px\"><span class=\"vc_empty_space_inner\"><\/span><\/div><\/div><\/div><\/div><\/div><div class=\"vc_row wpb_row vc_row-fluid vc_column-gap-30 vc_row-o-content-middle vc_row-flex\"><div class=\"wpb_animate_when_almost_visible wpb_fadeInLeft fadeInLeft wpb_column vc_column_container vc_col-sm-6\"><div class=\"vc_column-inner\"><div class=\"wpb_wrapper\"><h1 style=\"text-align: left\" class=\"vc_custom_heading\" >Comprehensive financial and accounting advisory solutions<\/h1><p style=\"text-align: left\" class=\"vc_custom_heading\" >At Lavalle Asesores, we offer comprehensive financial and accounting advisory services. Our team of experts will provide you with the necessary support to optimize your resources, comply with tax regulations and make solid strategic decisions. Trust us as your reliable partner on the road to business success.<\/p><div class=\"vc_empty_space\"   style=\"height: 30px\"><span class=\"vc_empty_space_inner\"><\/span><\/div><\/div><\/div><\/div><div class=\"wpb_column vc_column_container vc_col-sm-1 vc_hidden-xs\"><div class=\"vc_column-inner\"><div class=\"wpb_wrapper\"><\/div><\/div><\/div><div class=\"wpb_animate_when_almost_visible wpb_fadeInRight fadeInRight wpb_column vc_column_container vc_col-sm-5\"><div class=\"vc_column-inner\"><div class=\"wpb_wrapper\">\n\t<div  class=\"wpb_single_image wpb_content_element vc_align_center   deco-circles\">\n\t\t\n\t\t<figure class=\"wpb_wrapper vc_figure\">\n\t\t\t<div class=\"vc_single_image-wrapper vc_box_rounded  vc_box_border_grey\"><img loading=\"lazy\" decoding=\"async\" width=\"800\" height=\"800\" src=\"https:\/\/lavalleyasociados.com\/wp-content\/uploads\/2023\/06\/servicios.jpg\" class=\"vc_single_image-img attachment-full\" alt=\"\" title=\"servicios\" srcset=\"https:\/\/lavalleyasociados.com\/wp-content\/uploads\/2023\/06\/servicios.jpg 800w, https:\/\/lavalleyasociados.com\/wp-content\/uploads\/2023\/06\/servicios-300x300.jpg 300w, https:\/\/lavalleyasociados.com\/wp-content\/uploads\/2023\/06\/servicios-150x150.jpg 150w, https:\/\/lavalleyasociados.com\/wp-content\/uploads\/2023\/06\/servicios-768x768.jpg 768w, https:\/\/lavalleyasociados.com\/wp-content\/uploads\/2023\/06\/servicios-12x12.jpg 12w, https:\/\/lavalleyasociados.com\/wp-content\/uploads\/2023\/06\/servicios-24x24.jpg 24w, https:\/\/lavalleyasociados.com\/wp-content\/uploads\/2023\/06\/servicios-36x36.jpg 36w, https:\/\/lavalleyasociados.com\/wp-content\/uploads\/2023\/06\/servicios-48x48.jpg 48w\" sizes=\"(max-width: 800px) 100vw, 800px\" \/><\/div>\n\t\t<\/figure>\n\t<\/div>\n<div class=\"vc_empty_space\"   style=\"height: 30px\"><span class=\"vc_empty_space_inner\"><\/span><\/div><\/div><\/div><\/div><\/div><div class=\"vc_row wpb_row vc_row-fluid\"><div class=\"wpb_column vc_column_container vc_col-sm-12\"><div class=\"vc_column-inner\"><div class=\"wpb_wrapper\"><div class=\"vc_empty_space\"   style=\"height: 30px\"><span class=\"vc_empty_space_inner\"><\/span><\/div><\/div><\/div><\/div><\/div><\/section><div class=\"vc_row-full-width vc_clearfix\"><\/div><section class=\"vc_section\"><div class=\"vc_row wpb_row vc_row-fluid\"><div class=\"wpb_column vc_column_container vc_col-sm-12\"><div class=\"vc_column-inner\"><div class=\"wpb_wrapper\"><div class=\"vc_empty_space\"   style=\"height: 60px\"><span class=\"vc_empty_space_inner\"><\/span><\/div><\/div><\/div><\/div><\/div><div class=\"vc_row wpb_row vc_row-fluid\"><div class=\"wpb_animate_when_almost_visible wpb_fadeInLeft fadeInLeft wpb_column vc_column_container vc_col-sm-4\"><div class=\"vc_column-inner\"><div class=\"wpb_wrapper\"><h2 style=\"color: #84213c;text-align: left\" class=\"vc_custom_heading\" >We offer comprehensive solutions<\/h2><\/div><\/div><\/div><div class=\"wpb_column vc_column_container vc_col-sm-8\"><div class=\"vc_column-inner\"><div class=\"wpb_wrapper\"><\/div><\/div><\/div><\/div><div class=\"vc_row wpb_row vc_row-fluid\"><div class=\"wpb_column vc_column_container vc_col-sm-12\"><div class=\"vc_column-inner\"><div class=\"wpb_wrapper\"><div class=\"vc_empty_space\"   style=\"height: 40px\"><span class=\"vc_empty_space_inner\"><\/span><\/div><div class=\"vc_tta-container\" data-vc-action=\"collapse\"><div class=\"vc_general vc_tta vc_tta-tabs vc_tta-color-grey vc_tta-style-classic vc_tta-shape-rounded vc_tta-spacing-30 vc_tta-gap-35  custom-icons vc_tta-o-no-fill vc_tta-tabs-position-left vc_tta-controls-align-left  wpb_animate_when_almost_visible wpb_fadeInUp fadeInUp\"><div class=\"vc_tta-tabs-container\"><ul class=\"vc_tta-tabs-list\"><li class=\"vc_tta-tab vc_active\" data-vc-tab><a href=\"#contabilidad\" data-vc-tabs data-vc-container=\".vc_tta\"><i class=\"vc_tta-icon fas fa-adjust\"><\/i><span class=\"vc_tta-title-text\">Accounting<\/span><\/a><\/li><li class=\"vc_tta-tab\" data-vc-tab><a href=\"#supervision-contable\" data-vc-tabs data-vc-container=\".vc_tta\"><i class=\"vc_tta-icon fas fa-adjust\"><\/i><span class=\"vc_tta-title-text\">Accounting Supervision<\/span><\/a><\/li><li class=\"vc_tta-tab\" data-vc-tab><a href=\"#impuestos\" data-vc-tabs data-vc-container=\".vc_tta\"><i class=\"vc_tta-icon fas fa-adjust\"><\/i><span class=\"vc_tta-title-text\">Taxes<\/span><\/a><\/li><li class=\"vc_tta-tab\" data-vc-tab><a href=\"#auditorias\" data-vc-tabs data-vc-container=\".vc_tta\"><i class=\"vc_tta-icon fas fa-adjust\"><\/i><span class=\"vc_tta-title-text\">Audits<\/span><\/a><\/li><li class=\"vc_tta-tab\" data-vc-tab><a href=\"#precios-de-transferencia\" data-vc-tabs data-vc-container=\".vc_tta\"><i class=\"vc_tta-icon fas fa-adjust\"><\/i><span class=\"vc_tta-title-text\">Precios de transferencia<\/span><\/a><\/li><li class=\"vc_tta-tab\" data-vc-tab><a href=\"#asesoria-integral\" data-vc-tabs data-vc-container=\".vc_tta\"><i class=\"vc_tta-icon fas fa-adjust\"><\/i><span class=\"vc_tta-title-text\">Comprehensive advice<\/span><\/a><\/li><li class=\"vc_tta-tab\" data-vc-tab><a href=\"#cursos-de-capacitacion\" data-vc-tabs data-vc-container=\".vc_tta\"><i class=\"vc_tta-icon fas fa-adjust\"><\/i><span class=\"vc_tta-title-text\">Training courses<\/span><\/a><\/li><li class=\"vc_tta-tab\" data-vc-tab><a href=\"#sistema-integral\" data-vc-tabs data-vc-container=\".vc_tta\"><i class=\"vc_tta-icon fas fa-adjust\"><\/i><span class=\"vc_tta-title-text\">Comprehensive system<\/span><\/a><\/li><li class=\"vc_tta-tab\" data-vc-tab><a href=\"#nominas\" data-vc-tabs data-vc-container=\".vc_tta\"><i class=\"vc_tta-icon fas fa-adjust\"><\/i><span class=\"vc_tta-title-text\">Payroll<\/span><\/a><\/li><li class=\"vc_tta-tab\" data-vc-tab><a href=\"#dictamen-impuesto\" data-vc-tabs data-vc-container=\".vc_tta\"><i class=\"vc_tta-icon far fa-file-alt\"><\/i><span class=\"vc_tta-title-text\">Dictamen del Impuesto sobre n\u00f3mina<\/span><\/a><\/li><\/ul><\/div><div class=\"vc_tta-panels-container\"><div class=\"vc_tta-panels\"><div class=\"vc_tta-panel vc_active icono-contabilidad\" id=\"contabilidad\" data-vc-content=\".vc_tta-panel-body\"><div class=\"vc_tta-panel-heading\"><h5 class=\"vc_tta-panel-title\"><a href=\"#contabilidad\" data-vc-accordion data-vc-container=\".vc_tta-container\"><i class=\"vc_tta-icon fas fa-adjust\"><\/i><span class=\"vc_tta-title-text\">Accounting<\/span><\/a><\/h5><\/div><div class=\"vc_tta-panel-body\"><h2 style=\"color: #84213c;text-align: left\" class=\"vc_custom_heading\" >Accounting<\/h2>\n\t<div class=\"wpb_text_column wpb_content_element\" >\n\t\t<div class=\"wpb_wrapper\">\n\t\t\t<p>We serve physical and legal persons; We prepare the accounting based on your information needs. We offer you a personalized service that will give you quick and precise answers; We can also help you in preparing your payroll; we offer you reliable accounting for calculating your taxes.<\/p>\n<p>If you want to have a good administration that allows you to grow, then we are an ideal option for you.<\/p>\n<p>We can work in any of the following schemes:<\/p>\n<ul class=\"listas-seccion\">\n<li>We prepare the accounting from our office (it is assigned to a person in charge).<\/li>\n<li>We prepare the accounting from your office (with our staff).<\/li>\n<li>We supervise the accountant, accounting assistant or team of accountants hired by you.<\/li>\n<\/ul>\n\n\t\t<\/div>\n\t<\/div>\n<\/div><\/div><div class=\"vc_tta-panel icono-supervision\" id=\"supervision-contable\" data-vc-content=\".vc_tta-panel-body\"><div class=\"vc_tta-panel-heading\"><h5 class=\"vc_tta-panel-title\"><a href=\"#supervision-contable\" data-vc-accordion data-vc-container=\".vc_tta-container\"><i class=\"vc_tta-icon fas fa-adjust\"><\/i><span class=\"vc_tta-title-text\">Accounting Supervision<\/span><\/a><\/h5><\/div><div class=\"vc_tta-panel-body\"><h2 style=\"color: #84213c;text-align: left\" class=\"vc_custom_heading\" >Accounting Supervision<\/h2>\n\t<div class=\"wpb_text_column wpb_content_element\" >\n\t\t<div class=\"wpb_wrapper\">\n\t\t\t<p>We are an accounting company with experience, we review the correct registration of the Company's operations, the application of the corresponding Financial Information Standards and the adequate control of its accounting and financial files.<\/p>\n\n\t\t<\/div>\n\t<\/div>\n<\/div><\/div><div class=\"vc_tta-panel icono-impuestos\" id=\"impuestos\" data-vc-content=\".vc_tta-panel-body\"><div class=\"vc_tta-panel-heading\"><h5 class=\"vc_tta-panel-title\"><a href=\"#impuestos\" data-vc-accordion data-vc-container=\".vc_tta-container\"><i class=\"vc_tta-icon fas fa-adjust\"><\/i><span class=\"vc_tta-title-text\">Taxes<\/span><\/a><\/h5><\/div><div class=\"vc_tta-panel-body\"><h2 style=\"color: #84213c;text-align: left\" class=\"vc_custom_heading\" >Taxes<\/h2>\n\t<div class=\"wpb_text_column wpb_content_element\" >\n\t\t<div class=\"wpb_wrapper\">\n\t\t\t<p>Our objective is that you have peace of mind and fiscal security, to achieve this we advise you comprehensively and you can improve your fiscal situation. We offer you recommendations as well as the various options that exist, with their respective advantages and disadvantages, which allow you to choose the one that best suits you, always within a framework of security and legality.<\/p>\n<p>We are committed to tax planning to obtain better results.<\/p>\n\n\t\t<\/div>\n\t<\/div>\n<\/div><\/div><div class=\"vc_tta-panel icono-auditorias\" id=\"auditorias\" data-vc-content=\".vc_tta-panel-body\"><div class=\"vc_tta-panel-heading\"><h5 class=\"vc_tta-panel-title\"><a href=\"#auditorias\" data-vc-accordion data-vc-container=\".vc_tta-container\"><i class=\"vc_tta-icon fas fa-adjust\"><\/i><span class=\"vc_tta-title-text\">Audits<\/span><\/a><\/h5><\/div><div class=\"vc_tta-panel-body\"><h2 style=\"color: #84213c;text-align: left\" class=\"vc_custom_heading\" >Financial, fiscal, administrative and accounting audit<\/h2>\n\t<div class=\"wpb_text_column wpb_content_element\" >\n\t\t<div class=\"wpb_wrapper\">\n\t\t\t<p>At the firm we offer companies to carry out an audit plan that contains a complete, exhaustive and detailed review to comply with the audit procedures that allow us to issue a truthful and reliable opinion that is reflected in the report issued, so that the information generated provide you with the opportunity to gain in-depth knowledge of your accounting practices.<br \/>\nWe are an audit firm with a team of professionals with a solid track record.<\/p>\n<p>We offer the following audit services:<\/p>\n<ul class=\"listas-seccion\">\n<li>Financial audit<\/li>\n<li>Internal audit<\/li>\n<li>Operational audit<\/li>\n<li>Tax audit<\/li>\n<li>IMSS audit<\/li>\n<li>Infonavit Audit<\/li>\n<\/ul>\n<p>We provide quality service and go beyond the expectations of our customers.<\/p>\n\n\t\t<\/div>\n\t<\/div>\n<\/div><\/div><div class=\"vc_tta-panel icono-transferencia\" id=\"precios-de-transferencia\" data-vc-content=\".vc_tta-panel-body\"><div class=\"vc_tta-panel-heading\"><h5 class=\"vc_tta-panel-title\"><a href=\"#precios-de-transferencia\" data-vc-accordion data-vc-container=\".vc_tta-container\"><i class=\"vc_tta-icon fas fa-adjust\"><\/i><span class=\"vc_tta-title-text\">Precios de transferencia<\/span><\/a><\/h5><\/div><div class=\"vc_tta-panel-body\"><h2 style=\"color: #84213c;text-align: left\" class=\"vc_custom_heading\" >Transfer Prices<\/h2>\n\t<div class=\"wpb_text_column wpb_content_element\" >\n\t\t<div class=\"wpb_wrapper\">\n\t\t\t<p>We advise you through the Transfer Pricing service to implement strategies that serve to correctly comply with the current provisions of the ISR law and that, at the same time, these are a financial tool that helps you reduce the fiscal impact, resulting in higher benefits for your business.<\/p>\n<p>We offer attractive rates that make us very competitive in the market.<\/p>\n\n\t\t<\/div>\n\t<\/div>\n<\/div><\/div><div class=\"vc_tta-panel icono-asesoria\" id=\"asesoria-integral\" data-vc-content=\".vc_tta-panel-body\"><div class=\"vc_tta-panel-heading\"><h5 class=\"vc_tta-panel-title\"><a href=\"#asesoria-integral\" data-vc-accordion data-vc-container=\".vc_tta-container\"><i class=\"vc_tta-icon fas fa-adjust\"><\/i><span class=\"vc_tta-title-text\">Comprehensive advice<\/span><\/a><\/h5><\/div><div class=\"vc_tta-panel-body\"><h2 style=\"color: #84213c;text-align: left\" class=\"vc_custom_heading\" >Comprehensive advice<\/h2>\n\t<div class=\"wpb_text_column wpb_content_element\" >\n\t\t<div class=\"wpb_wrapper\">\n\t\t\t<p>Thanks to the experience we have acquired over 50 years, we can offer you our business advice with an interdisciplinary team that includes:<\/p>\n<ul class=\"listas-seccion\">\n<li>Advisers and administrative consultants.<\/li>\n<li>Tax advisers and consultants.<\/li>\n<li>Financial advisors and consultants.<\/li>\n<\/ul>\n<p>Whether it is to open a company, support you with a financial consultancy, give you financial advice, or any action that can help you increase the profitability of your company or start the business of your dreams.<\/p>\n<p>We offer support in the following areas:<\/p>\n<ul class=\"listas-seccion\">\n<li>Business consulting.<\/li>\n<li>Administrative consulting.<\/li>\n<li>Advice on administration or administrative advice.<\/li>\n<li>Financial advice.<\/li>\n<li>Improvements in Administration, Accounting, and Human Resources processes.<\/li>\n<li>Training of personnel in various areas.<\/li>\n<li>Preparation of procedure manuals.<\/li>\n<li>Implementation of administrative controls.<\/li>\n<li>Financial, administrative and accounting advice.<\/li>\n<li>Commercial advice.<\/li>\n<li>Comprehensive advice to SMEs.<\/li>\n<li>Feasibility Studies.<\/li>\n<li>Financial projections.<\/li>\n<li>Labor advice.<\/li>\n<li>Expert reports<\/li>\n<\/ul>\n<p>Likewise, we offer the service of accounting expertise analyzing the financial information so that the competent authority takes into consideration its technical study when issuing the resolution of the case.<\/p>\n\n\t\t<\/div>\n\t<\/div>\n<\/div><\/div><div class=\"vc_tta-panel icono-cursos\" id=\"cursos-de-capacitacion\" data-vc-content=\".vc_tta-panel-body\"><div class=\"vc_tta-panel-heading\"><h5 class=\"vc_tta-panel-title\"><a href=\"#cursos-de-capacitacion\" data-vc-accordion data-vc-container=\".vc_tta-container\"><i class=\"vc_tta-icon fas fa-adjust\"><\/i><span class=\"vc_tta-title-text\">Training courses<\/span><\/a><\/h5><\/div><div class=\"vc_tta-panel-body\"><h2 style=\"color: #84213c;text-align: left\" class=\"vc_custom_heading\" >Training courses<\/h2>\n\t<div class=\"wpb_text_column wpb_content_element\" >\n\t\t<div class=\"wpb_wrapper\">\n\t\t\t<p>We are committed to continuous training for our team; we extend this opportunity to our clients. With the aim of offering business consulting as well as comprehensive advice, we have designed the professional training department in various areas to meet the needs of our clients.<\/p>\n<p>We are registered as a trainer of the College of Public Accountants of Yucatan, so our courses grant points for the Standard of Continuous Professional Development of the Mexican Institute of Public Accountants. We are also registered with the Ministry of Labor and Social Welfare.<\/p>\n<p>We offer an annual calendar of courses in which all professionals who are looking for:<\/p>\n<ul class=\"listas-seccion\">\n<li>Administrative training.<\/li>\n<li>Financial training.<\/li>\n<li>Tax training.<\/li>\n<li>Accounting training or bookkeeping training.<\/li>\n<li>Tax training and tax update.<\/li>\n<li>Accounting training, accounting update, accounting courses.<\/li>\n<li>Training to open a company.<\/li>\n<\/ul>\n<p>We can also design accounting, administrative, financial or tax courses tailored to your needs.<\/p>\n\n\t\t<\/div>\n\t<\/div>\n<\/div><\/div><div class=\"vc_tta-panel icono-integral\" id=\"sistema-integral\" data-vc-content=\".vc_tta-panel-body\"><div class=\"vc_tta-panel-heading\"><h5 class=\"vc_tta-panel-title\"><a href=\"#sistema-integral\" data-vc-accordion data-vc-container=\".vc_tta-container\"><i class=\"vc_tta-icon fas fa-adjust\"><\/i><span class=\"vc_tta-title-text\">Comprehensive system<\/span><\/a><\/h5><\/div><div class=\"vc_tta-panel-body\"><h2 style=\"color: #84213c;text-align: left\" class=\"vc_custom_heading\" >Comprehensive Accounting System<\/h2>\n\t<div class=\"wpb_text_column wpb_content_element\" >\n\t\t<div class=\"wpb_wrapper\">\n\t\t\t<p>Our commitment is to offer you reliable technology that facilitates the automation of your processes, such as:<\/p>\n<ul class=\"listas-seccion\">\n<li>Billing.<\/li>\n<li>Accounting.<\/li>\n<li>Payrolls.<\/li>\n<\/ul>\n<p>Among the main advantages of this software are:<\/p>\n<ul class=\"listas-seccion\">\n<li>Absolute mobility.<\/li>\n<li>Advanced security and cloud backup.<\/li>\n<li>Quick access to your company's financial information.<\/li>\n<\/ul>\n<p>In addition, it is constantly updated according to accounting and tax needs, so that users ensure that they comply with tax obligations at all times.<\/p>\n<p>We are certified distributors of contaDIGITAL, ask for the different packages.<\/p>\n\n\t\t<\/div>\n\t<\/div>\n<\/div><\/div><div class=\"vc_tta-panel icono-nominas\" id=\"nominas\" data-vc-content=\".vc_tta-panel-body\"><div class=\"vc_tta-panel-heading\"><h5 class=\"vc_tta-panel-title\"><a href=\"#nominas\" data-vc-accordion data-vc-container=\".vc_tta-container\"><i class=\"vc_tta-icon fas fa-adjust\"><\/i><span class=\"vc_tta-title-text\">Payroll<\/span><\/a><\/h5><\/div><div class=\"vc_tta-panel-body\"><h2 style=\"color: #84213c;text-align: left\" class=\"vc_custom_heading\" >Payroll<\/h2>\n\t<div class=\"wpb_text_column wpb_content_element\" >\n\t\t<div class=\"wpb_wrapper\">\n\t\t\t<p>We help you comply with the issuance of digital tax receipts for your collaborators. We carry out the calculation and stamping of the payroll in a digital system.<\/p>\n<p>We prepare for you the calculation of fixed and\/or variable salaries, as well as settlements and settlements when applicable.<\/p>\n<p>Likewise, we make the records before the corresponding dependencies in labor, fiscal and social security matters.<\/p>\n\n\t\t<\/div>\n\t<\/div>\n<\/div><\/div><div class=\"vc_tta-panel\" id=\"dictamen-impuesto\" data-vc-content=\".vc_tta-panel-body\"><div class=\"vc_tta-panel-heading\"><h5 class=\"vc_tta-panel-title\"><a href=\"#dictamen-impuesto\" data-vc-accordion data-vc-container=\".vc_tta-container\"><i class=\"vc_tta-icon far fa-file-alt\"><\/i><span class=\"vc_tta-title-text\">Dictamen del Impuesto sobre n\u00f3mina<\/span><\/a><\/h5><\/div><div class=\"vc_tta-panel-body\"><h2 style=\"color: #84213c;text-align: left\" class=\"vc_custom_heading\" >Dictamen del Impuesto sobre N\u00f3mina<\/h2>\n\t<div class=\"wpb_text_column wpb_content_element\" >\n\t\t<div class=\"wpb_wrapper\">\n\t\t\t<p>Mediante nuestro servicio de dictamen de impuesto sobre n\u00f3mina, le proporcionamos las estrategias necesarias para asegurar el cumplimiento normativo. Nos aseguramos de que su negocio est\u00e9 preparado para enfrentar las exigencias fiscales de manera eficiente y rentable, nuestro objetivo es que usted pueda tomar decisiones informadas que beneficien a su empresa, siempre dentro del marco de seguridad y legalidad que garantizamos en nuestros servicios.<\/p>\n<p>Consulta si tu empresa o entidad est\u00e1 obligada a realizarlo dependiendo de las remuneraciones pagadas a tus trabajadores y la cantidad de estos durante el ejercicio fiscal.<\/p>\n\n\t\t<\/div>\n\t<\/div>\n<\/div><\/div><\/div><\/div><\/div><\/div><\/div><\/div><\/div><\/div><div class=\"vc_row wpb_row vc_row-fluid\"><div class=\"wpb_column vc_column_container vc_col-sm-12\"><div class=\"vc_column-inner\"><div class=\"wpb_wrapper\"><div class=\"vc_empty_space\"   style=\"height: 60px\"><span class=\"vc_empty_space_inner\"><\/span><\/div><\/div><\/div><\/div><\/div><\/section><div class=\"vc_row wpb_row vc_row-fluid vc_column-gap-30 vc_row-o-content-middle vc_row-flex\"><div class=\"wpb_column vc_column_container vc_col-sm-2\"><div class=\"vc_column-inner\"><div class=\"wpb_wrapper\"><\/div><\/div><\/div><div class=\"wpb_animate_when_almost_visible wpb_fadeInLeft fadeInLeft wpb_column vc_column_container vc_col-sm-4\"><div class=\"vc_column-inner\"><div class=\"wpb_wrapper\"><h2 style=\"color: #84213c;text-align: left\" class=\"vc_custom_heading\" >Online Billing<\/h2><p style=\"text-align: left\" class=\"vc_custom_heading\" >Access our online billing portal and issue your services with us.<\/p><div class=\"vc_empty_space\"   style=\"height: 10px\"><span class=\"vc_empty_space_inner\"><\/span><\/div><div class=\"vc_btn3-container vc_btn3-inline vc_custom_1687995678357\" ><a style=\"background-color:#84213c; color:#ffffff;\" class=\"vc_general vc_btn3 vc_btn3-size-md vc_btn3-shape-rounded vc_btn3-style-custom vc_btn3-icon-right\" href=\"https:\/\/app.contadigital.mx\/GMNV2\/Login.aspx?D=WmIxZ3VKV2tteWc9\" title=\"\" target=\"_blank\">See more <i class=\"vc_btn3-icon fas fa-angle-double-right\"><\/i><\/a><\/div><div class=\"vc_empty_space\"   style=\"height: 30px\"><span class=\"vc_empty_space_inner\"><\/span><\/div><\/div><\/div><\/div><div class=\"wpb_animate_when_almost_visible wpb_fadeInRight fadeInRight wpb_column vc_column_container vc_col-sm-5\"><div class=\"vc_column-inner\"><div class=\"wpb_wrapper\">\n\t<div  class=\"wpb_single_image wpb_content_element vc_align_center\">\n\t\t\n\t\t<figure class=\"wpb_wrapper vc_figure\">\n\t\t\t<div class=\"vc_single_image-wrapper vc_box_rounded  vc_box_border_grey\"><img loading=\"lazy\" decoding=\"async\" width=\"800\" height=\"800\" src=\"https:\/\/lavalleyasociados.com\/wp-content\/uploads\/2023\/07\/facturacionennlinea.jpg\" class=\"vc_single_image-img attachment-full\" alt=\"\" title=\"facturacionennlinea\" srcset=\"https:\/\/lavalleyasociados.com\/wp-content\/uploads\/2023\/07\/facturacionennlinea.jpg 800w, https:\/\/lavalleyasociados.com\/wp-content\/uploads\/2023\/07\/facturacionennlinea-300x300.jpg 300w, https:\/\/lavalleyasociados.com\/wp-content\/uploads\/2023\/07\/facturacionennlinea-150x150.jpg 150w, https:\/\/lavalleyasociados.com\/wp-content\/uploads\/2023\/07\/facturacionennlinea-768x768.jpg 768w, https:\/\/lavalleyasociados.com\/wp-content\/uploads\/2023\/07\/facturacionennlinea-12x12.jpg 12w, https:\/\/lavalleyasociados.com\/wp-content\/uploads\/2023\/07\/facturacionennlinea-24x24.jpg 24w, https:\/\/lavalleyasociados.com\/wp-content\/uploads\/2023\/07\/facturacionennlinea-36x36.jpg 36w, https:\/\/lavalleyasociados.com\/wp-content\/uploads\/2023\/07\/facturacionennlinea-48x48.jpg 48w\" sizes=\"(max-width: 800px) 100vw, 800px\" \/><\/div>\n\t\t<\/figure>\n\t<\/div>\n<div class=\"vc_empty_space\"   style=\"height: 30px\"><span class=\"vc_empty_space_inner\"><\/span><\/div><\/div><\/div><\/div><div class=\"wpb_column vc_column_container vc_col-sm-1 vc_hidden-xs\"><div class=\"vc_column-inner\"><div class=\"wpb_wrapper\"><\/div><\/div><\/div><\/div><div class=\"vc_row wpb_row vc_row-fluid\"><div class=\"wpb_column vc_column_container vc_col-sm-12\"><div class=\"vc_column-inner\"><div class=\"wpb_wrapper\"><div class=\"vc_empty_space\"   style=\"height: 30px\"><span class=\"vc_empty_space_inner\"><\/span><\/div><\/div><\/div><\/div><\/div>\n<\/div>","protected":false},"excerpt":{"rendered":"Soluciones integrales de asesor\u00eda financiera y contableEn Lavalle Asesores, ofrecemos servicios integrales de asesor\u00eda financiera y contable. Nuestro equipo de expertos te brindar\u00e1 el apoyo necesario para optimizar tus recursos, cumplir con las regulaciones fiscales y tomar decisiones estrat\u00e9gicas s\u00f3lidas. Conf\u00eda en nosotros como tu socio confiable en el camino hacia el \u00e9xito empresarial. Ofrecemos [...]","protected":false},"author":1,"featured_media":0,"parent":0,"menu_order":0,"comment_status":"closed","ping_status":"closed","template":"","meta":{"om_disable_all_campaigns":false,"_monsterinsights_skip_tracking":false,"_monsterinsights_sitenote_active":false,"_monsterinsights_sitenote_note":"","_monsterinsights_sitenote_category":0,"_uf_show_specific_survey":0,"_uf_disable_surveys":false,"footnotes":"","_joinchat":[]},"aioseo_notices":[],"_links":{"self":[{"href":"https:\/\/lavalleyasociados.com\/eng\/wp-json\/wp\/v2\/pages\/24"}],"collection":[{"href":"https:\/\/lavalleyasociados.com\/eng\/wp-json\/wp\/v2\/pages"}],"about":[{"href":"https:\/\/lavalleyasociados.com\/eng\/wp-json\/wp\/v2\/types\/page"}],"author":[{"embeddable":true,"href":"https:\/\/lavalleyasociados.com\/eng\/wp-json\/wp\/v2\/users\/1"}],"replies":[{"embeddable":true,"href":"https:\/\/lavalleyasociados.com\/eng\/wp-json\/wp\/v2\/comments?post=24"}],"version-history":[{"count":7,"href":"https:\/\/lavalleyasociados.com\/eng\/wp-json\/wp\/v2\/pages\/24\/revisions"}],"predecessor-version":[{"id":1033,"href":"https:\/\/lavalleyasociados.com\/eng\/wp-json\/wp\/v2\/pages\/24\/revisions\/1033"}],"wp:attachment":[{"href":"https:\/\/lavalleyasociados.com\/eng\/wp-json\/wp\/v2\/media?parent=24"}],"curies":[{"name":"wp","href":"https:\/\/api.w.org\/{rel}","templated":true}]}}